s divided by 4/((-12)/(-33)) - r.
11
Let k(d) = -4*d - 5. What is the remainder when k(-2) is divided by 2?
1
Suppose 78 = 5*i - 27. Calculate the remainder when 146 is divided by i.
20
Let q be 10*(-1)/(-5 - -3). Suppose 4*p - 10 = -2*b, 3*p = p - q*b - 7. Suppose p*s - 28 = 24. What is the remainder when s is divided by 5?
3
Let m(h) = -48*h - 1. Calculate the remainder when m(-1) is divided by 24.
23
Calculate the remainder when 63/42*50/3 is divided by 15.
10
Let i = 2 - 3. Let k = i + 5. Suppose -a = k*a - 125. What is the remainder when a is divided by 9?
7
Suppose 3*x + 0*l = -l + 5, 4*x - 9 = l. Suppose -3*o + 15 = -x*o. Calculate the remainder when 57 is divided by o.
12
Suppose 2*u - 43 = -w, 2*w = -4*u + 7*w + 107. What is the remainder when u is divided by 6?
5
Let y be 44/(-2)*8/16. Let t = 12 - y. What is the remainder when t is divided by 9?
5
Let q = -36 - -73. Let z = 2 + 18. Let l = -10 + z. What is the remainder when q is divided by l?
7
Let q = 19 - 11. Calculate the remainder when 30 is divided by q.
6
Calculate the remainder when 75 is divided by (190/40)/(1/4).
18
Suppose 3*x - 5*x = 26. Let p = x - -27. Calculate the remainder when 40 is divided by p.
12
Let y(q) = -14*q**3 + 3*q**3 - 2 + 1 - 2*q - 2*q**2. Let f be 4/(12/9) - 4. What is the remainder when y(f) is divided by 6?
4
Let u(k) = -k**3 - 16*k**2 - 2*k - 9. What is the remainder when u(-16) is divided by 5?
3
Let p = -22 + 43. Calculate the remainder when 39 is divided by p.
18
What is the remainder when 48 is divided by (3/(-5 + -1))/((-3)/102)?
14
Let s(q) = 30*q - 2. Suppose -2*n + 50 = 3*n. Calculate the remainder when s(1) is divided by n.
8
Let b = -21 - -29. Let r = b + -1. What is the remainder when r is divided by 2?
1
Suppose -12 = -5*r - 37. Let m = 21 + r. Suppose 0 = 6*j - 2*j - 5*t - 4, 2*j = 5*t - 8. Calculate the remainder when m is divided by j.
4
Let x = -4 - -9. Let p(k) = k + 4. Let y be p(0). Suppose -3*i - y = -x*i. Calculate the remainder when 2 is divided by i.
0
Let r(g) be the first derivative of -g**3/3 - 11*g**2/2 - 7*g + 9. Calculate the remainder when r(-8) is divided by 8/(-6)*(-9)/2.
5
Let p = -2 + 6. Suppose 3*k = -2*i + 29, 55 = p*i - 0*k + 5*k. What is the remainder when 19 is divided by i?
9
Let k(l) = l**3 - 4*l**2 + 3. Let n be k(4). Suppose j = n*q - 2*j - 6, 3*j - 6 = 0. Suppose 2*h - 4 = q. What is the remainder when 11 is divided by h?
3
Suppose 0*o - 3*o = 0. Let b = 4 + o. Suppose 5*a - 4*d = 205, -143 = -b*a - 6*d + 5*d. Calculate the remainder when a is divided by 13.
11
Suppose -4 + 32 = v. Let f = 1 + 1. Let a(c) = 2*c**3 - 3*c**2 + 4*c - 2. What is the remainder when v is divided by a(f)?
8
Calculate the remainder when 2/(-15) + (-1804)/(-30) is divided by 21.
18
Suppose 2*l - 530 + 4 = 3*a, 4*a - 3*l = -703. What is the remainder when a/(-8) + 6/4 is divided by 12?
11
Suppose 0 = 4*o - 3*s - 42 - 0, -o = 3*s - 18. Let h be 4/o + 34/6. Suppose m = 40 + h. What is the remainder when m is divided by 16?
14
Suppose 6*s = 8*s - 90. What is the remainder when s is divided by -2 - (0 + 28)/(-2)?
9
Calculate the remainder when 14 + 2 + 0 + 2 is divided by 5.
3
Let i be 2 - (-2)/4*-2. Let v(k) = -6*k - 1 + 54*k - 6*k + 0. Calculate the remainder when v(i) is divided by 21.
20
Let d = 2 - -9. Let r(n) = n**3 + 5*n**2 - 6*n + 2. Let l be r(-6). Suppose 0 = -3*o + l*o + 32. Calculate the remainder when o is divided by d.
10
Let h = 12 + 2. What is the remainder when 38 is divided by h?
10
Suppose -2*x + 16 = -3*p + p, 5*x = -4*p - 5. Let t = 18 - x. What is the remainder when 42 is divided by t?
12
Let k(b) = b + 2. Let r be k(-7). Let x = r - -8. What is the remainder when 11 is divided by x?
2
Suppose 2*y - 840 = -3*y - 5*o, 0 = -3*y - 5*o + 504. Suppose 0 = k - 5*k + y. Calculate the remainder when k is divided by 15.
12
Let s be 13 + (-6)/(2 + -5). Let f be s/(-10)*2*9. Let b = f + 40. Calculate the remainder when b is divided by 7.
6
Suppose 0 = -2*l - 0*l - 12. Let s = 21 - l. Calculate the remainder when s is divided by 15.
12
Let v = -15 - -78. What is the remainder when v is divided by 25?
13
Let d(u) = -5*u + 5. Let c(n) = -n. Let l(s) = -4*c(s) + d(s). What is the remainder when 26 is divided by l(-5)?
6
Let v be (1 + -3 - -27)*2. Suppose 0*u = -5*u + v. Let i = 5 + 1. Calculate the remainder when u is divided by i.
4
Let l(r) be the first derivative of 5*r**3/3 + r**2 - 2*r - 1. Calculate the remainder when 55 is divided by l(-2).
13
Let k(i) = 7*i**3 - 2*i**2 + i. Let y be k(1). Let n = y + 4. Suppose -61 = -3*c - n. What is the remainder when 32 is divided by c?
15
Let y(w) = 4*w**2 - 2*w + 1. Let h be y(1). Let r be (-27)/h + 1 + -2. Let t = -8 - r. What is the remainder when 2 is divided by t?
0
Suppose 5*b - m + 0*m = 47, 4*b + 5*m - 55 = 0. Calculate the remainder when 37 is divided by b.
7
Let f(u) = 52*u**3 + 11*u**2 - 8*u - 11. Let s(k) = -17*k**3 - 4*k**2 + 3*k + 4. Let g(i) = -3*f(i) - 8*s(i). What is the remainder when 39 is divided by g(-1)?
19
Suppose 5*w - 27 = -2. Calculate the remainder when 14 is divided by w.
4
Let t = -6 + 6. Calculate the remainder when 59 is divided by (-15)/(9/(-12) - t).
19
Let f = 9 + 9. Suppose 4*r - 2*r = f. Suppose 15 = 4*h - 49. Calculate the remainder when h is divided by r.
7
Let y be -1 + 4 + 4 + -2. Suppose -38 = -4*c - c + 3*p, 20 = y*p. Suppose 4 = 2*u + 5*z, z - c = -5*u - 0. Calculate the remainder when u is divided by 2.
0
Suppose -5*j + 5*t + 23 = -62, 0 = j + t - 9. Let s(d) = -d**2 - 14*d + 1. What is the remainder when s(-6) is divided by j?
10
Let o be (-8)/(-32) + (-23)/(-4). Suppose -9*l + o*l = -33. What is the remainder when l is divided by 4?
3
Suppose 2*b - 12 = -0*b. Let n(q) be the first derivative of q**4/4 - 8*q**3/3 - 4*q**2 + 6*q + 6. Calculate the remainder when n(9) is divided by b.
3
Let p = 56 - 39. Suppose -4*w - p = -5. Calculate the remainder when 2 is divided by -1 + w/((-3)/2).
0
Let q(h) = -2*h**3 + h**2 - h - 2. What is the remainder when q(-2) is divided by 7?
6
Let z(o) = -2*o**3 + 3*o**2 + 5*o - 3. Let g be z(3). Let a = -8 - g. Calculate the remainder when 10 is divided by a.
3
Suppose 0 = -2*x - 3*b + 22, -5*b + 44 = 8*x - 4*x. Suppose 4*w - 6 = -2*a, -4*a - 4*w + 33 = 1. Calculate the remainder when 4050/110 - (-2)/x is divided by a.
11
Suppose 0 = -3*u + 7 - 1, 5*u = 4*y - 10. Calculate the remainder when 14 is divided by y.
4
Let q(a) = -a**3 - a**2 + 3*a + 6. What is the remainder when q(-5) is divided by 24?
19
Suppose -4*j + 2*s = s - 19, 19 = j - 5*s. Suppose -u - 16 = -4*c, 0 = c + 3*c - 20. Calculate the remainder when j is divided by u.
0
Let h(a) = 9*a + 1. Calculate the remainder when 2 + (22 - -3) + 0 is divided by h(1).
7
Suppose -c + 59 = -0*c + 5*i, -i = -5*c + 191. Suppose 6*a - 5*l = 4*a + 10, 4 = a - 3*l. What is the remainder when c is divided by a?
9
Let x = 4 + 1. Suppose 3*b = 2*g + 72, -3*b - x*g + g + 90 = 0. Calculate the remainder when b is divided by 0 + (0 + 0 - -9).
8
What is the remainder when (69 - -1) + 0/((-4)/2) is divided by 18?
16
Let d = -1 - 2. Suppose 5*j = 23 - 8. What is the remainder when -1*d/(-3) + 5 is divided by j?
1
Suppose 5*j = 4 + 6, 0 = -2*i + 2*j + 64. Calculate the remainder when i is divided by 19 + (-3 + 6)/(-3).
16
Let b = 87 - 61. Let y = 7 - 4. Suppose -l - 2 = 0, -3*l = -0*q + y*q - 36. Calculate the remainder when b is divided by q.
12
Suppose 156 = -4*f + 10*f. What is the remainder when f is divided by 9?
8
Suppose 2 = x - 2*b, 9 = 2*b + b. What is the remainder when x is divided by 3?
2
Suppose 4*g + 0*g - 236 = 0. What is the remainder when g is divided by 10?
9
What is the remainder when 1 + 19 + (-2 - -2) is divided by 11?
9
Let n(x) = -x**3 + x - 4. Let m be n(0). Let q = m - -5. What is the remainder when (-5 - -50) + 2*q is divided by 16?
15
Let c = 7 - 2. Suppose -c*k = -k - 32. What is the remainder when 22 is divided by k?
6
Let g = 105 + -98. Calculate the remainder when g is divided by 2.
1
Let q(g) = -2*g - 12. Calculate the remainder when (-2)/7 - (-198)/7 is divided by q(-11).
8
Let f(p) = 8*p**2 + 1. Let t be f(-1). Suppose 4*y - y = t. Calculate the remainder when y is divided by 2.
1
Suppose 0 = 3*w + 3*k - 78, 102 = 2*w + 2*w + 2*k. What is